{"id":2012,"date":"2015-11-03T12:26:16","date_gmt":"2015-11-03T11:26:16","guid":{"rendered":"http:\/\/consejoescolar.educacion.navarra.es\/web1\/?page_id=2012"},"modified":"2026-04-14T12:15:01","modified_gmt":"2026-04-14T10:15:01","slug":"jornadas-2","status":"publish","type":"page","link":"https:\/\/consejoescolar.educacion.navarra.es\/web1\/ficheros-2\/jornadas-2\/","title":{"rendered":"Jornadas"},"content":{"rendered":"\n<p><strong>XXXIV Jornada (2026). \u00abJornada Equidad, Inclusi\u00f3n y Calidad de vida. Transformando el Curr\u00edculum\u00bb<\/strong><\/p>\n\n\n\n<figure class=\"wp-block-image size-full is-resized\"><a href=\"https:\/\/consejoescolar.educacion.navarra.es\/web1\/wp-content\/uploads\/2026\/03\/imagen-1.png\"><img loading=\"lazy\" src=\"https:\/\/consejoescolar.educacion.navarra.es\/web1\/wp-content\/uploads\/2026\/03\/imagen-1.png\" alt=\"\" class=\"wp-image-37258\" width=\"910\" height=\"542\" srcset=\"https:\/\/consejoescolar.educacion.navarra.es\/web1\/wp-content\/uploads\/2026\/03\/imagen-1.png 900w, https:\/\/consejoescolar.educacion.navarra.es\/web1\/wp-content\/uploads\/2026\/03\/imagen-1-300x179.png 300w, https:\/\/consejoescolar.educacion.navarra.es\/web1\/wp-content\/uploads\/2026\/03\/imagen-1-768x457.png 768w\" sizes=\"(max-width: 910px) 100vw, 910px\" \/><\/a><\/figure>\n\n\n\n<p>\u00abLas inscripciones ya no se encuentran disponibles\u00bb<\/p>\n\n\n<p data-pm-slice=\"1 1 []\"><figure class=\"wp-block-table is-style-stripes\"><table class=\"ddownloads_list tag-jornadasxxxiv list-title\"><tr><td><a href=\"https:\/\/consejoescolar.educacion.navarra.es\/web1\/?ddownload=37235\" title=\"Cartel Jornadas XXXIV\" rel=\"nofollow\" class=\"id-37235 ext-pdf\">Cartel Jornadas XXXIV<\/a><\/td><\/tr><tr><td><a href=\"https:\/\/consejoescolar.educacion.navarra.es\/web1\/?ddownload=37238\" title=\"D\u00edptico Jornadas XXXIV\" rel=\"nofollow\" class=\"id-37238 ext-pdf\">D\u00edptico Jornadas XXXIV<\/a><\/td><\/tr><\/table><\/figure><\/p>\n<p data-pm-slice=\"1 1 []\">XXIII Jornada (2026). \u00abJornada Educaci\u00f3n 360-Escuelas a tiempo completo\u00bb<\/p>\n<figure class=\"wp-block-table is-style-stripes\"><table class=\"ddownloads_list tag-jornadasxxxiii list-title\"><tr><td><a href=\"https:\/\/consejoescolar.educacion.navarra.es\/web1\/?ddownload=36600\" title=\"Cartel Jornadas XXXIII\" rel=\"nofollow\" class=\"id-36600 ext-pdf\">Cartel Jornadas XXXIII<\/a><\/td><\/tr><tr><td><a href=\"https:\/\/consejoescolar.educacion.navarra.es\/web1\/?ddownload=36615\" title=\"D\u00edptico Jornadas XXXIII\" rel=\"nofollow\" class=\"id-36615 ext-jpg\">D\u00edptico Jornadas XXXIII<\/a><\/td><\/tr><\/table><\/figure>\n<p>XXXII Jornadas (2025). Jornadas Educaci\u00f3n emocional y h\u00e1bitos saludables. Prevenci\u00f3n y sensibilizaci\u00f3n para superar el bullying<\/p>\n<figure class=\"wp-block-table is-style-stripes\"><table class=\"ddownloads_list tag-jornadasxxxii list-title\"><tr><td><a href=\"https:\/\/consejoescolar.educacion.navarra.es\/web1\/?ddownload=34626\" title=\"Cartel Jornadas XXXII\" rel=\"nofollow\" class=\"id-34626 ext-pdf\">Cartel Jornadas XXXII<\/a><\/td><\/tr><tr><td><a href=\"https:\/\/consejoescolar.educacion.navarra.es\/web1\/?ddownload=34627\" title=\"D\u00edptico Jornadas XXXII\" rel=\"nofollow\" class=\"id-34627 ext-pdf\">D\u00edptico Jornadas XXXII<\/a><\/td><\/tr><\/table><\/figure>\n<p>XXXI Jornadas (2024). Jornadas Prevenci\u00f3n, detecci\u00f3n e intervenci\u00f3n en casos de ideaci\u00f3n suicida<\/p>\n<figure class=\"wp-block-table is-style-stripes\"><table class=\"ddownloads_list tag-jornadasxxxi list-title\"><tr><td><a href=\"https:\/\/consejoescolar.educacion.navarra.es\/web1\/?ddownload=34250\" title=\"Cartel Jornadas XXXI\" rel=\"nofollow\" class=\"id-34250 ext-pdf\">Cartel Jornadas XXXI<\/a><\/td><\/tr><tr><td><a href=\"https:\/\/consejoescolar.educacion.navarra.es\/web1\/?ddownload=33842\" title=\"D\u00edptico Jornadas XXXI\" rel=\"nofollow\" class=\"id-33842 ext-pdf\">D\u00edptico Jornadas XXXI<\/a><\/td><\/tr><\/table><\/figure>\n<p>XXX Jornadas (2024). La repetici\u00f3n y el abandono educativo. Reflexiones y propuestas<\/p>\n<figure class=\"wp-block-table is-style-stripes\"><table class=\"ddownloads_list tag-jornadasxxx list-title\"><tr><td><a href=\"https:\/\/consejoescolar.educacion.navarra.es\/web1\/?ddownload=32030\" title=\"Cartel Jornadas XXX\" rel=\"nofollow\" class=\"id-32030 ext-pdf\">Cartel Jornadas XXX<\/a><\/td><\/tr><tr><td><a href=\"https:\/\/consejoescolar.educacion.navarra.es\/web1\/?ddownload=32031\" title=\"D\u00edptico Jornadas XXX\" rel=\"nofollow\" class=\"id-32031 ext-pdf\">D\u00edptico Jornadas XXX<\/a><\/td><\/tr><\/table><\/figure>\n<p>XXIX Jornadas (2023). Neuroeducaci\u00f3n: \u00bfC\u00f3mo aprende el cerebro?<\/p>\n<figure class=\"wp-block-table is-style-stripes\"><table class=\"ddownloads_list tag-jornadasxxix list-title\"><tr><td><a href=\"https:\/\/consejoescolar.educacion.navarra.es\/web1\/?ddownload=29034\" title=\"Cartel Jornadas XXIX\" rel=\"nofollow\" class=\"id-29034 ext-pdf\">Cartel Jornadas XXIX<\/a><\/td><\/tr><tr><td><a href=\"https:\/\/consejoescolar.educacion.navarra.es\/web1\/?ddownload=29035\" title=\"D\u00edptico Jornadas XXIX\" rel=\"nofollow\" class=\"id-29035 ext-pdf\">D\u00edptico Jornadas XXIX<\/a><\/td><\/tr><\/table><\/figure>\n<ul>\n<li><a href=\"https:\/\/www.youtube.com\/watch?v=WplsmOpp7Gg&amp;t=1s\">Ponencias Jornadas XXIX 17 de marzo<\/a> (video)<\/li>\n<li><a href=\"https:\/\/www.youtube.com\/watch?v=Rwoyio0eeHs\">Ponencias Jornadas XXIX 18 de marzo<\/a> (video)<\/li>\n<\/ul>\n<p>XXVIII Jornadas (2023). La Jornada Escolar. Reflexiones y Datos<\/p>\n<figure class=\"wp-block-table is-style-stripes\"><table class=\"ddownloads_list tag-jornadasxxviii list-title\"><tr><td><a href=\"https:\/\/consejoescolar.educacion.navarra.es\/web1\/?ddownload=27601\" title=\"Cartel Jornadas XXVIII\" rel=\"nofollow\" class=\"id-27601 ext-pdf\">Cartel Jornadas XXVIII<\/a><\/td><\/tr><tr><td><a href=\"https:\/\/consejoescolar.educacion.navarra.es\/web1\/?ddownload=27602\" title=\"D\u00edptico Jornadas XXVIII\" rel=\"nofollow\" class=\"id-27602 ext-pdf\">D\u00edptico Jornadas XXVIII<\/a><\/td><\/tr><\/table><\/figure>\n<ul>\n<li><a href=\"https:\/\/youtu.be\/mdtVgWQMUwI\">Presentaci\u00f3n Jornadas XXVIII<\/a> (video)<\/li>\n<li><a href=\"https:\/\/youtu.be\/04RCWfiuUYA\">Ponencias Jornadas XXVIII 11 de enero<\/a> (video)<\/li>\n<li><a href=\"https:\/\/youtu.be\/SknY03OCuzE\">Ponencias Jornadas XXVIII 12 de enero<\/a> (video)<\/li>\n<\/ul>\n<p>XXVII Jornadas (2022). Autonom\u00eda, liderazgo, evaluaci\u00f3n y participaci\u00f3n en los centros educativos<\/p>\n<figure class=\"wp-block-table is-style-stripes\"><table class=\"ddownloads_list tag-jornadasxxvii list-title\"><tr><td><a href=\"https:\/\/consejoescolar.educacion.navarra.es\/web1\/?ddownload=23824\" title=\"Jornadas XXVII d\u00edptico\" rel=\"nofollow\" class=\"id-23824 ext-pdf\">Jornadas XXVII d\u00edptico<\/a><\/td><\/tr><\/table><\/figure>\n<ul>\n<li><a href=\"https:\/\/www.youtube.com\/watch?v=nt8ogY6r72g\">Presentaci\u00f3n Jornadas XXVII<\/a> (video)<\/li>\n<li><a href=\"https:\/\/www.youtube.com\/watch?v=nIGR3z0rRUQ\">Ponencias Jornadas XXVII<\/a> (video)<\/li>\n<\/ul>\n<p>XXVI Jornadas (2022). Pacto Social por la Educaci\u00f3n en Navarra<\/p>\n<figure class=\"wp-block-table is-style-stripes\"><table class=\"ddownloads_list tag-jornadasxxvi list-title\"><tr><td><a href=\"https:\/\/consejoescolar.educacion.navarra.es\/web1\/?ddownload=23821\" title=\"Jornadas XXVI d\u00edptico\" rel=\"nofollow\" class=\"id-23821 ext-pdf\">Jornadas XXVI d\u00edptico<\/a><\/td><\/tr><\/table><\/figure>\n<ul>\n<li><a href=\"https:\/\/www.youtube.com\/watch?v=Bs81HPuRCAU\">Presentaci\u00f3n Jornadas XXVI<\/a> (video)<\/li>\n<li><a href=\"https:\/\/www.youtube.com\/watch?v=t0BTK7pcbvs\">Ponencias Jornadas XXVI <\/a> (video)<\/li>\n<\/ul>\n<p>XXV Jornadas (2021). Apoyo conductual positivo y Centros de Educaci\u00f3n Especial<\/p>\n<figure class=\"wp-block-table is-style-stripes\"><table class=\"ddownloads_list tag-jornadasxxv list-title\"><tr><td><a href=\"https:\/\/consejoescolar.educacion.navarra.es\/web1\/?ddownload=20067\" title=\"Jornadas XXV d\u00edptico\" rel=\"nofollow\" class=\"id-20067 ext-pdf\">Jornadas XXV d\u00edptico<\/a><\/td><\/tr><\/table><\/figure>\n<ul>\n<li><a href=\"https:\/\/youtu.be\/n6JI_a0BEW0\" target=\"_blank\" rel=\"noopener\">Presentaci\u00f3n Jornadas XXV<\/a> (video)<\/li>\n<li><a href=\"https:\/\/youtu.be\/PHr2Wb-y4hs\" target=\"_blank\" rel=\"noopener\">Ponencias Jornadas XXV<\/a> (video)<\/li>\n<\/ul>\n<p>XXIV Jornadas (2020). Proyectos de innovaci\u00f3n 2018-2019<\/p>\n<figure class=\"wp-block-table is-style-stripes\"><table class=\"ddownloads_list tag-jornadasxxiv list-title\"><tr><td><a href=\"https:\/\/consejoescolar.educacion.navarra.es\/web1\/?ddownload=18799\" title=\"Jornadas XXIV d\u00edptico\" rel=\"nofollow\" class=\"id-18799 ext-pdf\">Jornadas XXIV d\u00edptico<\/a><\/td><\/tr><\/table><\/figure>\n<p>XXIII Jornadas (2019). Escuela y contexto<\/p>\n<figure class=\"wp-block-table is-style-stripes\"><table class=\"ddownloads_list tag-jornadasxxiii list-title\"><tr><td><a href=\"https:\/\/consejoescolar.educacion.navarra.es\/web1\/?ddownload=15139\" title=\"Jornadas XXIII D\u00edptico\" rel=\"nofollow\" class=\"id-15139 ext-pdf\">Jornadas XXIII D\u00edptico<\/a><\/td><\/tr><\/table><\/figure>\n<ul>\n<li><a href=\"https:\/\/youtu.be\/mXPI5YjBKsw\" target=\"_blank\" rel=\"noopener\">Ponencia Esther Leza<\/a> (video)<\/li>\n<\/ul>\n<p>XXII Jornadas (2018). Proyectos de innovaci\u00f3n 2017-2018<\/p>\n<figure class=\"wp-block-table is-style-stripes\"><table class=\"ddownloads_list tag-jornadasxxii list-title\"><tr><td><a href=\"https:\/\/consejoescolar.educacion.navarra.es\/web1\/?ddownload=14525\" title=\"Jornadas XXII D\u00edptico\" rel=\"nofollow\" class=\"id-14525 ext-pdf\">Jornadas XXII D\u00edptico<\/a><\/td><\/tr><\/table><\/figure>\n<ul>\n<li><a href=\"https:\/\/youtu.be\/zpdDupaibRw\">Ponencia Ram\u00f3n Andr\u00e9s<\/a> (video)<\/li>\n<\/ul>\n<p>XXI Jornadas (2018). Educaci\u00f3n y espacio 2018<\/p>\n<figure class=\"wp-block-table is-style-stripes\"><table class=\"ddownloads_list tag-jornadasxxi list-title\"><tr><td><a href=\"https:\/\/consejoescolar.educacion.navarra.es\/web1\/?ddownload=11008\" title=\"D\u00edptico Jornadas XXI\" rel=\"nofollow\" class=\"id-11008 ext-pdf\">D\u00edptico Jornadas XXI<\/a><\/td><\/tr><\/table><\/figure>\n<ul>\n<li><a href=\"https:\/\/youtu.be\/2di9dA41jic\" target=\"_blank\" rel=\"noopener\">Presentaci\u00f3n Jornadas XXI<\/a> (video)<\/li>\n<li><a href=\"http:\/\/Enlace del v\u00eddeo https:\/\/youtu.be\/H2GEwkNhDLI\" target=\"_blank\" rel=\"noopener\" data-wplink-url-error=\"true\">Ponencia Clara Eslava Cabanellas<\/a> (video)<\/li>\n<li><a href=\"https:\/\/youtu.be\/LB4ro8Y-mk0\" target=\"_blank\" rel=\"noopener\">Ponencia Ianire de Andr\u00e9s \/ Ula Iruretagoiena<\/a> (video)<\/li>\n<\/ul>\n<p>XX Jornadas (2017). Proyectos de innovaci\u00f3n 2016-2017<\/p>\n<figure class=\"wp-block-table is-style-stripes\"><table class=\"ddownloads_list tag-jornadasxx list-title\"><tr><td><a href=\"https:\/\/consejoescolar.educacion.navarra.es\/web1\/?ddownload=9738\" title=\"D\u00edptico Jornadas XX\" rel=\"nofollow\" class=\"id-9738 ext-pdf\">D\u00edptico Jornadas XX<\/a><\/td><\/tr><\/table><\/figure>\n<ul>\n<li><a href=\"https:\/\/youtu.be\/rrPgFDPTD1o\" target=\"_blank\" rel=\"noopener\">Conferencia Javier Armentia Fructuoso<\/a> (video)<\/li>\n<\/ul>\n<p>XIX Jornadas (2017). Escuela Rural<\/p>\n<figure class=\"wp-block-table is-style-stripes\"><table class=\"ddownloads_list tag-jornadasxix list-title\"><tr><td><a href=\"https:\/\/consejoescolar.educacion.navarra.es\/web1\/?ddownload=9737\" title=\"D\u00edptico Jornadas XIX\" rel=\"nofollow\" class=\"id-9737 ext-pdf\">D\u00edptico Jornadas XIX<\/a><\/td><\/tr><\/table><\/figure>\n<ul>\n<li><a href=\"https:\/\/youtu.be\/tt7gs4umff8\" target=\"_blank\" rel=\"noopener\">Conferencia Ana Isabel Ayala<\/a> (video)<\/li>\n<li><a href=\"https:\/\/youtu.be\/rjakn9sROFQ\" target=\"_blank\" rel=\"noopener\">Conferencia Roser Boix Tom\u00e0s<\/a> (video)<\/li>\n<li><a href=\"https:\/\/youtu.be\/FqbBkekUg48\" target=\"_blank\" rel=\"noopener\">Conferencia Mikel Go\u00f1i Sagastume<\/a> (video)<\/li>\n<\/ul>\n<p>XVIII Jornadas (2016). Proyectos de Innovaci\u00f3n<\/p>\n<figure class=\"wp-block-table is-style-stripes\"><table class=\"ddownloads_list tag-jornadasxviii list-title\"><tr><td><a href=\"https:\/\/consejoescolar.educacion.navarra.es\/web1\/?ddownload=5678\" title=\"D\u00edptico Jornadas Tudela y Pamplona\" rel=\"nofollow\" class=\"id-5678 ext-pdf\">D\u00edptico Jornadas Tudela y Pamplona<\/a><\/td><\/tr><\/table><\/figure>\n<ul>\n<li><a href=\"https:\/\/youtu.be\/Dr4mk7JfOXw\" target=\"_blank\" rel=\"noopener\">Ponencia Humberto Bustince<\/a> (video)<\/li>\n<\/ul>\n<p>XVII Jornadas (2016). Educaci\u00f3n infantil 0-6<\/p>\n<figure class=\"wp-block-table is-style-stripes\"><table class=\"ddownloads_list tag-jornadasxvii list-title\"><tr><td><a href=\"https:\/\/consejoescolar.educacion.navarra.es\/web1\/?ddownload=4320\" title=\"D\u00edptico Jornadas Pamplona-Iru\u00f1a\" rel=\"nofollow\" class=\"id-4320 ext-pdf\">D\u00edptico Jornadas Pamplona-Iru\u00f1a<\/a><\/td><\/tr><tr><td><a href=\"https:\/\/consejoescolar.educacion.navarra.es\/web1\/?ddownload=4319\" title=\"D\u00edptico Jornadas Tudela-Tutera\" rel=\"nofollow\" class=\"id-4319 ext-pdf\">D\u00edptico Jornadas Tudela-Tutera<\/a><\/td><\/tr><tr><td><a href=\"https:\/\/consejoescolar.educacion.navarra.es\/web1\/?ddownload=4313\" title=\"Entrevista a Maddalena Tedeschi\" rel=\"nofollow\" class=\"id-4313 ext-pdf\">Entrevista a Maddalena Tedeschi<\/a><\/td><\/tr><tr><td><a href=\"https:\/\/consejoescolar.educacion.navarra.es\/web1\/?ddownload=4315\" title=\"Entrevista a Marina Mori\" rel=\"nofollow\" class=\"id-4315 ext-pdf\">Entrevista a Marina Mori<\/a><\/td><\/tr><tr><td><a href=\"https:\/\/consejoescolar.educacion.navarra.es\/web1\/?ddownload=4314\" title=\"Entrevista a Miguel \u00c1ngel Zabalza\" rel=\"nofollow\" class=\"id-4314 ext-pdf\">Entrevista a Miguel \u00c1ngel Zabalza<\/a><\/td><\/tr><\/table><\/figure>\n<ul>\n<li><a href=\"https:\/\/youtu.be\/kMWlXXOhasE\" target=\"_blank\" rel=\"noopener\">Entrevista a Marina Mori<\/a>&nbsp;(v\u00eddeo)<\/li>\n<\/ul>\n<p>XVI Jornadas (2015). La funci\u00f3n directiva en los centros escolares<\/p>\n<figure class=\"wp-block-table is-style-stripes\"><table class=\"ddownloads_list tag-jornadasxvi list-title\"><tr><td><a href=\"https:\/\/consejoescolar.educacion.navarra.es\/web1\/?ddownload=2013\" title=\"Apertura y mesa redonda 1\" rel=\"nofollow\" class=\"id-2013 ext-pdf\">Apertura y mesa redonda 1<\/a><\/td><\/tr><tr><td><a href=\"https:\/\/consejoescolar.educacion.navarra.es\/web1\/?ddownload=2015\" title=\"Entrevista a Camino Bueno\" rel=\"nofollow\" class=\"id-2015 ext-pdf\">Entrevista a Camino Bueno<\/a><\/td><\/tr><tr><td><a href=\"https:\/\/consejoescolar.educacion.navarra.es\/web1\/?ddownload=2016\" title=\"Entrevista a Francisco L\u00f3pez Rup\u00e9rez\" rel=\"nofollow\" class=\"id-2016 ext-pdf\">Entrevista a Francisco L\u00f3pez Rup\u00e9rez<\/a><\/td><\/tr><tr><td><a href=\"https:\/\/consejoescolar.educacion.navarra.es\/web1\/?ddownload=2017\" title=\"Entrevista a Gregorio Luri\" rel=\"nofollow\" class=\"id-2017 ext-pdf\">Entrevista a Gregorio Luri<\/a><\/td><\/tr><tr><td><a href=\"https:\/\/consejoescolar.educacion.navarra.es\/web1\/?ddownload=2014\" title=\"Mesa redonda 2\" rel=\"nofollow\" class=\"id-2014 ext-pdf\">Mesa redonda 2<\/a><\/td><\/tr><\/table><\/figure>\n<p>XV Jornadas (2014).&nbsp;Escuela para todos<\/p>\n<figure class=\"wp-block-table is-style-stripes\"><table class=\"ddownloads_list tag-jornadasxv list-title\"><tr><td><a href=\"https:\/\/consejoescolar.educacion.navarra.es\/web1\/?ddownload=2019\" title=\"Mesa redonda\" rel=\"nofollow\" class=\"id-2019 ext-pdf\">Mesa redonda<\/a><\/td><\/tr><\/table><\/figure>\n<p>XIV Jornadas (2013). El profesorado<\/p>\n<figure class=\"wp-block-table is-style-stripes\"><table class=\"ddownloads_list tag-jornadasxiv list-title\"><tr><td><a href=\"https:\/\/consejoescolar.educacion.navarra.es\/web1\/?ddownload=2036\" title=\"Ponencia Jes\u00fas Manso\" rel=\"nofollow\" class=\"id-2036 ext-pdf\">Ponencia Jes\u00fas Manso<\/a><\/td><\/tr><\/table><\/figure>\n<p>XIII Jornadas (2012). Factores para el \u00e9xito escolar<\/p>\n<figure class=\"wp-block-table is-style-stripes\"><table class=\"ddownloads_list tag-jornadasxiii list-title\"><tr><td><a href=\"https:\/\/consejoescolar.educacion.navarra.es\/web1\/?ddownload=4414\" title=\"Presentaci\u00f3n: Gemma Bot\u00edn\" rel=\"nofollow\" class=\"id-4414 ext-ppt\">Presentaci\u00f3n: Gemma Bot\u00edn<\/a><\/td><\/tr><tr><td><a href=\"https:\/\/consejoescolar.educacion.navarra.es\/web1\/?ddownload=4416\" title=\"Resumen experiencia Belinch\u00f3n\" rel=\"nofollow\" class=\"id-4416 ext-pdf\">Resumen experiencia Belinch\u00f3n<\/a><\/td><\/tr><tr><td><a href=\"https:\/\/consejoescolar.educacion.navarra.es\/web1\/?ddownload=4415\" title=\"Resumen ponencia: Eduardo L\u00f3pez\" rel=\"nofollow\" class=\"id-4415 ext-pdf\">Resumen ponencia: Eduardo L\u00f3pez<\/a><\/td><\/tr><\/table><\/figure>\n<p>XII Jornadas (2011).&nbsp;\u00bfC\u00f3mo aprenden nuestros hijos? Nuevas did\u00e1cticas basadas en nuevas tecnolog\u00edas<\/p>\n<figure class=\"wp-block-table is-style-stripes\"><table class=\"ddownloads_list tag-jornadasxii list-title\"><tr><td><a href=\"https:\/\/consejoescolar.educacion.navarra.es\/web1\/?ddownload=4412\" title=\"Ponencia: Jordi Adell\" rel=\"nofollow\" class=\"id-4412 ext-pdf\">Ponencia: Jordi Adell<\/a><\/td><\/tr><tr><td><a href=\"https:\/\/consejoescolar.educacion.navarra.es\/web1\/?ddownload=4411\" title=\"Presentaci\u00f3n PNTE\" rel=\"nofollow\" class=\"id-4411 ext-ppt\">Presentaci\u00f3n PNTE<\/a><\/td><\/tr><\/table><\/figure>\n<p>XI Jornadas (2010). Evaluaci\u00f3n, autonom\u00eda y liderazgo en los<br>centros educativos<\/p>\n<figure class=\"wp-block-table is-style-stripes\"><table class=\"ddownloads_list tag-jornadasxi list-title\"><tr><td><a href=\"https:\/\/consejoescolar.educacion.navarra.es\/web1\/?ddownload=2038\" title=\"Clausura de Teresa Aranaz\" rel=\"nofollow\" class=\"id-2038 ext-pdf\">Clausura de Teresa Aranaz<\/a><\/td><\/tr><tr><td><a href=\"https:\/\/consejoescolar.educacion.navarra.es\/web1\/?ddownload=2039\" title=\"Ponencia Enrique Roca\" rel=\"nofollow\" class=\"id-2039 ext-pdf\">Ponencia Enrique Roca<\/a><\/td><\/tr><\/table><\/figure>\n<p>X Jornadas (2009).&nbsp;La participaci\u00f3n de la sociedad en la educaci\u00f3n. La ciudad educadora<\/p>\n<figure class=\"wp-block-table is-style-stripes\"><table class=\"ddownloads_list tag-jornadasx list-title\"><tr><td><a href=\"https:\/\/consejoescolar.educacion.navarra.es\/web1\/?ddownload=4406\" title=\"Ponencia: Joan Manuel del Pozo\" rel=\"nofollow\" class=\"id-4406 ext-pdf\">Ponencia: Joan Manuel del Pozo<\/a><\/td><\/tr><tr><td><a href=\"https:\/\/consejoescolar.educacion.navarra.es\/web1\/?ddownload=4407\" title=\"Ponencia: Jos\u00e9 Iribas\" rel=\"nofollow\" class=\"id-4407 ext-pdf\">Ponencia: Jos\u00e9 Iribas<\/a><\/td><\/tr><tr><td><a href=\"https:\/\/consejoescolar.educacion.navarra.es\/web1\/?ddownload=4408\" title=\"Ponencia: Patricio de Blas\" rel=\"nofollow\" class=\"id-4408 ext-pdf\">Ponencia: Patricio de Blas<\/a><\/td><\/tr><\/table><\/figure>\n<p>IX Jornadas (2008).&nbsp;Las competencias b\u00e1sicas: un camino para el \u00e9xito<\/p>\n<figure class=\"wp-block-table is-style-stripes\"><table class=\"ddownloads_list tag-jornadasix list-title\"><tr><td><a href=\"https:\/\/consejoescolar.educacion.navarra.es\/web1\/?ddownload=4419\" title=\"Presentaci\u00f3n Elena Mart\u00edn: competencias\" rel=\"nofollow\" class=\"id-4419 ext-ppt\">Presentaci\u00f3n Elena Mart\u00edn: competencias<\/a><\/td><\/tr><\/table><\/figure>\n<p>VIII Jornadas (2007). Los padres<\/p>\n<figure class=\"wp-block-table is-style-stripes\"><table class=\"ddownloads_list tag-jornadasviii list-title\"><tr><td><a href=\"https:\/\/consejoescolar.educacion.navarra.es\/web1\/?ddownload=2041\" title=\"Los padres\" rel=\"nofollow\" class=\"id-2041 ext-pdf\">Los padres<\/a><\/td><\/tr><\/table><\/figure>\n<p>VII Jornadas (2006). La convivencia en los centros<\/p>\n<figure class=\"wp-block-table is-style-stripes\"><table class=\"ddownloads_list tag-jornadasvii list-title\"><tr><td><a href=\"https:\/\/consejoescolar.educacion.navarra.es\/web1\/?ddownload=2043\" title=\"La convivencia en los centros\" rel=\"nofollow\" class=\"id-2043 ext-pdf\">La convivencia en los centros<\/a><\/td><\/tr><\/table><\/figure>\n<p>VI Jornadas (2004). Planes de mejora<\/p>\n<figure class=\"wp-block-table is-style-stripes\"><table class=\"ddownloads_list tag-jornadasvi list-title\"><tr><td><a href=\"https:\/\/consejoescolar.educacion.navarra.es\/web1\/?ddownload=2044\" title=\"Planes de mejora\" rel=\"nofollow\" class=\"id-2044 ext-pdf\">Planes de mejora<\/a><\/td><\/tr><\/table><\/figure>\n<p>V Jornadas (2003). El profesorado<\/p>\n<figure class=\"wp-block-table is-style-stripes\"><table class=\"ddownloads_list tag-jornadasv list-title\"><tr><td><a href=\"https:\/\/consejoescolar.educacion.navarra.es\/web1\/?ddownload=2046\" title=\"El Profesorado\" rel=\"nofollow\" class=\"id-2046 ext-pdf\">El Profesorado<\/a><\/td><\/tr><\/table><\/figure>\n<p>IV Jornadas (2002). Participaci\u00f3n de la familia<\/p>\n<figure class=\"wp-block-table is-style-stripes\"><table class=\"ddownloads_list tag-jornadasiv list-title\"><tr><td><a href=\"https:\/\/consejoescolar.educacion.navarra.es\/web1\/?ddownload=2047\" title=\"Participaci\u00f3n de la familia\" rel=\"nofollow\" class=\"id-2047 ext-pdf\">Participaci\u00f3n de la familia<\/a><\/td><\/tr><\/table><\/figure>\n<p>III Jornadas (2001). Convivencia<\/p>\n<figure class=\"wp-block-table is-style-stripes\"><table class=\"ddownloads_list tag-jornadasiii list-title\"><tr><td><a href=\"https:\/\/consejoescolar.educacion.navarra.es\/web1\/?ddownload=2048\" title=\"Convivencia\" rel=\"nofollow\" class=\"id-2048 ext-pdf\">Convivencia<\/a><\/td><\/tr><\/table><\/figure>\n<p>II Jornadas (2000). La escuela intercultural<\/p>\n<figure class=\"wp-block-table is-style-stripes\"><table class=\"ddownloads_list tag-jornadasii list-title\"><tr><td><a href=\"https:\/\/consejoescolar.educacion.navarra.es\/web1\/?ddownload=2049\" title=\"La escuela intercultural\" rel=\"nofollow\" class=\"id-2049 ext-pdf\">La escuela intercultural<\/a><\/td><\/tr><\/table><\/figure>\n<p>I Jornadas (1999).&nbsp;Propuestas&nbsp;de mejora en el tratamiento de la diversidad<\/p>\n<figure class=\"wp-block-table is-style-stripes\"><table class=\"ddownloads_list tag-jornadasi list-title\"><tr><td><a href=\"https:\/\/consejoescolar.educacion.navarra.es\/web1\/?ddownload=2050\" title=\"Diversidad\" rel=\"nofollow\" class=\"id-2050 ext-pdf\">Diversidad<\/a><\/td><\/tr><\/table><\/figure>","protected":false},"excerpt":{"rendered":"<p>XXXIV Jornada (2026). \u00abJornada Equidad, Inclusi\u00f3n y Calidad de vida. Transformando el Curr\u00edculum\u00bb \u00abLas inscripciones ya no se encuentran disponibles\u00bb XXIII Jornada (2026). \u00abJornada Educaci\u00f3n 360-Escuelas a tiempo completo\u00bb XXXII Jornadas (2025). Jornadas Educaci\u00f3n emocional y h\u00e1bitos saludables. Prevenci\u00f3n y sensibilizaci\u00f3n para superar el bullying XXXI Jornadas (2024). Jornadas Prevenci\u00f3n, detecci\u00f3n e intervenci\u00f3n en casos [&hellip;]<\/p>\n","protected":false},"author":1,"featured_media":0,"parent":1686,"menu_order":0,"comment_status":"closed","ping_status":"closed","template":"","meta":{"_genesis_hide_title":false,"_genesis_hide_breadcrumbs":false,"_genesis_hide_singular_image":false,"_genesis_hide_footer_widgets":false,"_genesis_custom_body_class":"","_genesis_custom_post_class":"","_genesis_layout":"","jetpack_post_was_ever_published":false},"_links":{"self":[{"href":"https:\/\/consejoescolar.educacion.navarra.es\/web1\/wp-json\/wp\/v2\/pages\/2012"}],"collection":[{"href":"https:\/\/consejoescolar.educacion.navarra.es\/web1\/wp-json\/wp\/v2\/pages"}],"about":[{"href":"https:\/\/consejoescolar.educacion.navarra.es\/web1\/wp-json\/wp\/v2\/types\/page"}],"author":[{"embeddable":true,"href":"https:\/\/consejoescolar.educacion.navarra.es\/web1\/wp-json\/wp\/v2\/users\/1"}],"replies":[{"embeddable":true,"href":"https:\/\/consejoescolar.educacion.navarra.es\/web1\/wp-json\/wp\/v2\/comments?post=2012"}],"version-history":[{"count":108,"href":"https:\/\/consejoescolar.educacion.navarra.es\/web1\/wp-json\/wp\/v2\/pages\/2012\/revisions"}],"predecessor-version":[{"id":37511,"href":"https:\/\/consejoescolar.educacion.navarra.es\/web1\/wp-json\/wp\/v2\/pages\/2012\/revisions\/37511"}],"up":[{"embeddable":true,"href":"https:\/\/consejoescolar.educacion.navarra.es\/web1\/wp-json\/wp\/v2\/pages\/1686"}],"wp:attachment":[{"href":"https:\/\/consejoescolar.educacion.navarra.es\/web1\/wp-json\/wp\/v2\/media?parent=2012"}],"curies":[{"name":"wp","href":"https:\/\/api.w.org\/{rel}","templated":true}]}}